{"id":5521,"date":"2025-04-22T20:49:39","date_gmt":"2025-04-22T20:49:39","guid":{"rendered":"https:\/\/contratarseguros.com.br\/consorcio\/paraiso\/"},"modified":"2025-04-22T20:49:39","modified_gmt":"2025-04-22T20:49:39","slug":"paraiso","status":"publish","type":"page","link":"https:\/\/contratarseguros.com.br\/consorcio\/paraiso\/","title":{"rendered":"Para\u00edso"},"content":{"rendered":"  <div id=\"page-header-853565060\" class=\"page-header-wrapper\">\n  <div class=\"page-title dark featured-title\">\n\n    \n    <div class=\"page-title-inner container align-center flex-row medium-flex-wrap\" >\n              <div class=\"title-wrapper flex-col text-left medium-text-center\">\n          <h1 class=\"entry-title mb-0\">\n            Para\u00edso          <\/h1>\n        <\/div>\n                    <div class=\"title-content flex-col flex-right text-right medium-text-center\">\n        <div class=\"title-breadcrumbs pb-half pt-half\"><\/div>      <\/div>\n    <\/div><!-- flex-row -->\n\n     \n<style scope=\"scope\">\n\n#page-header-853565060 .title-bg {\n  \n}\n<\/style>\n  <\/div><!-- .page-title -->\n    <\/div><!-- .page-header-wrapper -->\n  \n\n\t<section class=\"section\" id=\"section_1135551540\">\n\t\t<div class=\"bg section-bg fill bg-fill  bg-loaded\" >\n\n\t\t\t\n\t\t\t\n\t\t\t\n\n\t\t<\/div><!-- .section-bg -->\n\n\t\t<div class=\"section-content relative\">\n\t\t\t\n\n<div class=\"row\"  id=\"row-1325411437\">\n\n<div class=\"col small-12 large-12\"  ><div class=\"col-inner\"  >\n\n<p class=\"\" data-start=\"409\" data-end=\"742\">Se voc\u00ea est\u00e1 buscando uma forma econ\u00f4mica, sem juros e com total controle financeiro para conquistar seu pr\u00f3ximo bem, o <strong data-start=\"529\" data-end=\"584\">Cons\u00f3rcio Porto Seguro em Para\u00edso<\/strong> pode ser a escolha ideal. Com ele, \u00e9 poss\u00edvel adquirir um im\u00f3vel, um carro ou at\u00e9 mesmo um ve\u00edculo pesado, sem precisar de entrada e com parcelas acess\u00edveis.<\/p>\n<p class=\"\" data-start=\"744\" data-end=\"961\">Administrado pelo Porto Bank e regulamentado pelo Banco Central, o cons\u00f3rcio garante seguran\u00e7a, transpar\u00eancia e flexibilidade para quem deseja planejar o futuro sem se preocupar com altas taxas de juros ou burocracia.<\/p>\n<h2 data-start=\"968\" data-end=\"1045\"><strong>Planos de Cons\u00f3rcio Porto Seguro dispon\u00edveis em Para\u00edso<\/strong><\/h2>\n<h3 data-start=\"1047\" data-end=\"1070\"><strong data-start=\"1047\" data-end=\"1070\">Cons\u00f3rcio de Im\u00f3vel <\/strong><strong>Para\u00edso\u00a0\u00a0<\/strong><\/h3>\n<p class=\"\" data-start=\"1072\" data-end=\"1126\">Ideal para quem deseja comprar, reformar ou construir.<\/p>\n<ul data-start=\"1128\" data-end=\"1364\">\n<li class=\"\" data-start=\"1128\" data-end=\"1170\">\n<p class=\"\" data-start=\"1130\" data-end=\"1170\">Parcelas reduzidas at\u00e9 a contempla\u00e7\u00e3o;<\/p>\n<\/li>\n<li class=\"\" data-start=\"1171\" data-end=\"1213\">\n<p class=\"\" data-start=\"1173\" data-end=\"1213\">Pagamento em at\u00e9 200 meses, sem juros;<\/p>\n<\/li>\n<li class=\"\" data-start=\"1214\" data-end=\"1247\">\n<p class=\"\" data-start=\"1216\" data-end=\"1247\">Possibilidade de usar o FGTS;<\/p>\n<\/li>\n<li class=\"\" data-start=\"1248\" data-end=\"1299\">\n<p class=\"\" data-start=\"1250\" data-end=\"1299\">At\u00e9 30% do cr\u00e9dito pode ser usado para o lance;<\/p>\n<\/li>\n<li class=\"\" data-start=\"1300\" data-end=\"1364\">\n<p class=\"\" data-start=\"1302\" data-end=\"1364\">10% do cr\u00e9dito pode ser usado para a documenta\u00e7\u00e3o no cart\u00f3rio.<\/p>\n<\/li>\n<\/ul>\n<h3 data-start=\"1371\" data-end=\"1393\"><strong data-start=\"1371\" data-end=\"1393\">Cons\u00f3rcio de Carro <\/strong><strong>Para\u00edso\u00a0\u00a0<\/strong><\/h3>\n<p class=\"\" data-start=\"1395\" data-end=\"1457\">Para quem quer trocar ou adquirir um ve\u00edculo novo ou seminovo.<\/p>\n<ul data-start=\"1459\" data-end=\"1687\">\n<li class=\"\" data-start=\"1459\" data-end=\"1487\">\n<p class=\"\" data-start=\"1461\" data-end=\"1487\">Sem entrada e sem juros;<\/p>\n<\/li>\n<li class=\"\" data-start=\"1488\" data-end=\"1531\">\n<p class=\"\" data-start=\"1490\" data-end=\"1531\">Parcelas acess\u00edveis at\u00e9 a contempla\u00e7\u00e3o;<\/p>\n<\/li>\n<li class=\"\" data-start=\"1532\" data-end=\"1562\">\n<p class=\"\" data-start=\"1534\" data-end=\"1562\">Pagamento em at\u00e9 90 meses;<\/p>\n<\/li>\n<li class=\"\" data-start=\"1563\" data-end=\"1608\">\n<p class=\"\" data-start=\"1565\" data-end=\"1608\">At\u00e9 20% do cr\u00e9dito para aumentar o lance;<\/p>\n<\/li>\n<li class=\"\" data-start=\"1609\" data-end=\"1687\">\n<p class=\"\" data-start=\"1611\" data-end=\"1687\">Liberdade na escolha do ve\u00edculo e uso do cr\u00e9dito para seguro e documenta\u00e7\u00e3o.<\/p>\n<\/li>\n<\/ul>\n<h3 data-start=\"1694\" data-end=\"1725\"><strong data-start=\"1694\" data-end=\"1725\">Cons\u00f3rcio de Ve\u00edculo Pesado <\/strong><strong>Para\u00edso\u00a0\u00a0<\/strong><\/h3>\n<p class=\"\" data-start=\"1727\" data-end=\"1794\">Voltado para quem deseja investir em caminh\u00f5es, \u00f4nibus ou tratores.<\/p>\n<ul data-start=\"1796\" data-end=\"2017\">\n<li class=\"\" data-start=\"1796\" data-end=\"1824\">\n<p class=\"\" data-start=\"1798\" data-end=\"1824\">Sem entrada e sem juros;<\/p>\n<\/li>\n<li class=\"\" data-start=\"1825\" data-end=\"1867\">\n<p class=\"\" data-start=\"1827\" data-end=\"1867\">Parcelas reduzidas at\u00e9 a contempla\u00e7\u00e3o;<\/p>\n<\/li>\n<li class=\"\" data-start=\"1868\" data-end=\"1915\">\n<p class=\"\" data-start=\"1870\" data-end=\"1915\">At\u00e9 30% do cr\u00e9dito pode ser usado no lance;<\/p>\n<\/li>\n<li class=\"\" data-start=\"1916\" data-end=\"1950\">\n<p class=\"\" data-start=\"1918\" data-end=\"1950\">Liberdade para escolha do bem;<\/p>\n<\/li>\n<li class=\"\" data-start=\"1951\" data-end=\"2017\">\n<p class=\"\" data-start=\"1953\" data-end=\"2017\">Uso de at\u00e9 10% do cr\u00e9dito para custos com seguro e documenta\u00e7\u00e3o.<\/p>\n<\/li>\n<\/ul>\n<h3 class=\"\" data-start=\"2024\" data-end=\"2083\"><strong>Quanto custa um cons\u00f3rcio em Para\u00edso?<\/strong><\/h3>\n<p class=\"\" data-start=\"2085\" data-end=\"2376\">O valor do cons\u00f3rcio depende do tipo de bem desejado, prazo de pagamento e valor do cr\u00e9dito. No <strong data-start=\"2181\" data-end=\"2236\">Cons\u00f3rcio Porto Seguro em Para\u00edso<\/strong>, voc\u00ea n\u00e3o paga juros, apenas uma taxa de administra\u00e7\u00e3o fixa. Isso torna a alternativa muito mais acess\u00edvel que financiamentos tradicionais.<\/p>\n<p class=\"\" data-start=\"2378\" data-end=\"2734\">Al\u00e9m disso, o cons\u00f3rcio permite um planejamento mais eficaz, com liberdade de contrata\u00e7\u00e3o individual ou conjunta, possibilidade de lances, participa\u00e7\u00e3o em sorteios mensais e manuten\u00e7\u00e3o do poder de compra da carta de cr\u00e9dito ao longo do tempo. E o melhor: ap\u00f3s ser contemplado, o cr\u00e9dito pode ser usado de forma flex\u00edvel, respeitando a categoria contratada.<\/p>\n<p class=\"\" data-start=\"2736\" data-end=\"2982\">Para quem busca uma forma de poupar, investir e conquistar bens de forma programada e segura, o cons\u00f3rcio da Porto Seguro \u00e9 uma excelente alternativa em Para\u00edso. Fale com um corretor e encontre o plano ideal para o seu objetivo.<\/p>\n\n<\/div><\/div>\n\n<\/div>\n\n\t\t<\/div><!-- .section-content -->\n\n\t\t\n<style scope=\"scope\">\n\n#section_1135551540 {\n  padding-top: 30px;\n  padding-bottom: 30px;\n}\n<\/style>\n\t<\/section>\n\t\n","protected":false},"excerpt":{"rendered":"","protected":false},"author":0,"featured_media":0,"parent":0,"menu_order":0,"comment_status":"closed","ping_status":"closed","template":"page-blank.php","meta":[],"_links":{"self":[{"href":"https:\/\/contratarseguros.com.br\/consorcio\/wp-json\/wp\/v2\/pages\/5521"}],"collection":[{"href":"https:\/\/contratarseguros.com.br\/consorcio\/wp-json\/wp\/v2\/pages"}],"about":[{"href":"https:\/\/contratarseguros.com.br\/consorcio\/wp-json\/wp\/v2\/types\/page"}],"replies":[{"embeddable":true,"href":"https:\/\/contratarseguros.com.br\/consorcio\/wp-json\/wp\/v2\/comments?post=5521"}],"version-history":[{"count":0,"href":"https:\/\/contratarseguros.com.br\/consorcio\/wp-json\/wp\/v2\/pages\/5521\/revisions"}],"wp:attachment":[{"href":"https:\/\/contratarseguros.com.br\/consorcio\/wp-json\/wp\/v2\/media?parent=5521"}],"curies":[{"name":"wp","href":"https:\/\/api.w.org\/{rel}","templated":true}]}}